pose 5*x - b - 20 = 2*b, -4*x - 11 = 3*b. Determine n(x).
-7
Let z = 55 + -52. Suppose -z*v - 2*a = -8, v + 2*a - 6 = 2. Let m(s) = -s - 4. Give m(v).
-4
Let r(n) be the first derivative of 1/3*n**3 + 9*n - 7/2*n**2 - 2. Let z(a) = 12*a - 18. Let i be z(2). Determine r(i).
3
Let u(s) = -3*s + 76*s**2 + 3 + 4 - 70*s**2. Let j(k) = -5*k**2 + 4*k - 6. Let t(x) = -5*j(x) - 4*u(x). What is t(6)?
-10
Let s(m) = -58*m**2 - 2 + 117*m**2 - 9*m - 57*m**2. What is s(7)?
33
Suppose 5*i + 12 + 8 = 0. Let x(o) = 4*o + 5. Let r(z) = -8*z - 9. Let w(j) = -4*r(j) - 7*x(j). Determine w(i).
-15
Let y = 778 + -785. Let z(h) = -5*h - 24. Calculate z(y).
11
Let t(l) be the second derivative of l**4/12 - l**3/3 + 2*l**2 + 264*l. Give t(9).
67
Let r(p) = 16*p + 1. Let f be (-70 - -72) + 1/(-1). Give r(f).
17
Let n(x) = -x**2 - 5*x + 1. Let w be 351/21 + (-4)/(-14). Suppose 5 = -o + w. Let v = 8 - o. Determine n(v).
5
Let z(w) = 21 + 18 - 35 + w. Let o be 1/2*(3 - 1). Suppose -f + v - o = 0, 0 = 3*f - 0*v - v + 1. What is z(f)?
4
Let y(j) = j + 16. Let p(x) = -16*x + 87. Let g be p(6). Determine y(g).
7
Let o(t) be the third derivative of t**5/20 - t**4/12 + t**3/3 - 4*t**2. Suppose 3*v + v = 2*z - 4, 2 = v. Suppose -z*k + 4 = -4*k. Calculate o(k).
10
Let d(p) = p - 4. Let r(x) = 4*x - 38. Let h be r(12). Calculate d(h).
6
Let p(a) = 5*a**2 + 1. Let o be p(-1). Let k be 8/(-12) - 2/o. Let l be 0 + (7 + k)*1. Let w(s) = -2*s + 5. Calculate w(l).
-7
Let l(v) = -v + 1. Let g(t) = 2*t + 5. Let b be g(-4). Let x(r) = 4*r. Let y(i) = b*l(i) - x(i). Calculate y(-6).
3
Suppose 0 = -8*c - 2220 + 2140. Let t(s) = -s**2 - 7*s + 21. Determine t(c).
-9
Suppose 0 = -75*y - 100 - 125. Let w(v) = -5*v - 21. Give w(y).
-6
Let v(b) = b**2 - 25. Let f(p) = -p**2 + 441. Let l be f(-21). Calculate v(l).
-25
Let v(w) = -76 + 75 + w + 0*w**2 - w**2. Let p(r) = 4*r**2 - 2. Let k(j) = p(j) + v(j). Give k(-3).
21
Let h(a) = a**2 + 6*a + 4. Let s(q) = -q**3 + 7*q**2 - 3*q - 16. Let z be s(6). Suppose -z*j + 3 = 13. Calculate h(j).
-1
Let h(g) = -1. Let w(o) = -3*o - 10. Let v(k) = 6*h(k) - w(k). Suppose -5*d - 34 = 26. Let i = d + 8. Determine v(i).
-8
Let y(v) be the second derivative of -v**3/6 - 4*v**2 + v. Suppose 0 = 5*g - 3*a + 25, -7 - 8 = 3*g + a. Give y(g).
-3
Let x(p) be the third derivative of -5/6*p**3 + 0 + 1/60*p**5 + 7*p**2 - 5/24*p**4 + 0*p. Let m(a) = 2*a**2 - 5*a + 4. Let h be m(3). Calculate x(h).
9
Let k(h) = -h - 4. Let c(i) = 2 + 5*i - 6 - 9*i + 5*i. Suppose v = -3*f - 0 + 5, 2*f - 3*v = -15. Let m be c(f). Give k(m).
0
Let n(d) = 4*d**2 - 13*d - 31. Let r(s) = 3*s**2 - 12*s - 27. Let p(j) = 4*n(j) - 5*r(j). What is p(-8)?
11
Suppose 2*i - 4*m = -0*i - 38, -5*m + 25 = 0. Let h = i - -14. Let z(c) = 4*c + 4 + 6 - 6*c**2 + c**3 - 6. Calculate z(h).
-1
Let p = -28 + 30. Suppose p*m - 280 = 10*m. Let j = m - -37. Let v(n) = -2*n**2 - 2. Determine v(j).
-10
Suppose 2*n - 6 = 2. Suppose -25 = x + n*x. Let l(f) = -f**3 - 5*f**2 - f - 1. Give l(x).
4
Let d = -5 + 8. Let g(w) = -2*w**d - 3 + 6*w - 3 - 5*w**2 + w**3. Let r = -894 - -888. Calculate g(r).
-6
Let o(h) = 19 + 26 - 9*h - 46 + 0*h. Calculate o(-3).
26
Let h(n) = n**2 + 4*n + 2. Let o(z) = z + 6. Let u(x) = h(x) - o(x). Calculate u(-3).
-4
Let q(x) = x**2 - 3. Let k(y) = y**3 - 8*y**2 - y + 12. Let s be k(8). What is q(s)?
13
Let q(x) = 6*x - 2. Let u = 353 - 352. What is q(u)?
4
Let y(f) = 1 + 2*f + f - 4*f. Let g(k) = -3. Let d(j) = g(j) - y(j). Let h = -13 - -17. What is d(h)?
0
Let j(s) = -s**3 + 9*s**2 + 11*s - 10. Let o be j(10). Let u(x) = x**2 + 16. Let z(a) = a**2 + 14. Let k(f) = 6*u(f) - 7*z(f). What is k(o)?
-2
Suppose -2*a = 4*j + 76, 2*j + j + 46 = 4*a. Suppose 4*y + 2*n = 82, 3 = 3*y + 5*n - 48. Let g be (-2)/9 - y/j. Let d(f) = f**2 - 3*f + 1. Determine d(g).
-1
Let z(o) = -o**2 - 4*o - 4. Let q(y) = -2*y**2 + 34*y - 110. Let c be q(13). Give z(c).
-16
Suppose -3*o + 9 = 0, -13*x + 8*x - 2*o - 14 = 0. Let w(i) = i**2 + 7*i + 7. Calculate w(x).
-5
Suppose 2 = 8*p - 14. Let s(x) = 4 + x**3 - x + x**2 + 4*x**2 - 4*x**p + 3*x**2. Determine s(-4).
8
Let t(g) = 4*g - 3. Let a(w) = -w + 3. Let m be a(-1). Suppose p - 3*p = 2*r, -m*p - 3*r + 2 = 0. Calculate t(p).
5
Let w(h) = -1. Let c(u) be the third derivative of u**4/8 - 5*u**3/6 + 29*u**2. Let t(q) = c(q) - 6*w(q). Suppose -2*j + 6 = -6. Give t(j).
19
Let r(w) = -3*w**3 + 6*w**2 - 2*w + 7. Let f(b) = -10*b**3 + 21*b**2 - 7*b + 20. Let s(p) = -2*f(p) + 7*r(p). Let q = 1 + -1. Calculate s(q).
9
Let c(x) = 13*x - 25. Let k(l) = 3*l - 6. Let t = 2 + -11. Let p(o) = t*k(o) + 2*c(o). What is p(-3)?
7
Let i(v) = -7*v**2 + 7*v - 2. Let y(t) = 8*t**2 - 7*t + 3. Let c(p) = 7*i(p) + 6*y(p). What is c(5)?
14
Let a(d) = d**2 + d - 3. Suppose -3*h - 3*f = -48 + 9, 4*h - 3*f - 87 = 0. Let v = h - 21. Give a(v).
3
Suppose f = 4*p - 20, 3*p = 5 + 10. Suppose -3*v - 21 = -f. Let m(s) = s**3 + 6*s**2 - 7*s - 2. Give m(v).
-2
Let t(z) = -8*z + 3. Let p(i) = 17*i - 7. Let n(j) = -2*p(j) - 5*t(j). Give n(-3).
-19
Let t be 4/(-10)*-1*5. Let z(u) = -t*u**3 + 3*u**3 - 2*u**3 + 3 - u - 4*u**2. Suppose 53*i - 8*i = -192*i - 711. Give z(i).
-3
Let b = -924 - -937. Let n(l) = l**3 - 13*l**2 - l + 4. Give n(b).
-9
Suppose 14*n + 6 = 16*n. Let r(t) = 5*t + 1. What is r(n)?
16
Suppose 0 = 4*h - 5 - 19. Suppose -13 = -h*i - 43. Let y(q) = -q**3 - 6*q**2 - 5*q. Determine y(i).
0
Let r(a) = 12*a**3 - 6*a**2 - 11*a**3 + 6*a**2 - 7*a**2 + 8 + 2*a. Suppose 5*k - 3*k = 12. What is r(k)?
-16
Let t(j) be the second derivative of j**6/360 - 3*j**5/40 + 7*j**4/24 - 17*j**3/3 - 2*j. Let l(z) be the second derivative of t(z). Calculate l(7).
-7
Let b(x) = -x**2 + 10. Let r be 6/(-4) - 71/2. Let z = 37 + r. What is b(z)?
10
Let x(o) = -o. Let v be -2 + (-4)/(-2) + -9. Let q = v + 8. Determine x(q).
1
Let t(b) = 8*b - 4. Let h(y) = 3*y**3 - 2*y**2 - 2*y + 2. Let x be h(1). Give t(x).
4
Let q(c) be the second derivative of -c**5/20 + c**4/3 + c**3/3 + 3*c**2/2 + 9*c. Let r(p) = -1. Let w(z) = -q(z) - 3*r(z). What is w(4)?
-8
Let b(r) = r**3 - 2*r**2 - 10*r - 12. Suppose 553*k + 70 = 567*k. Calculate b(k).
13
Let l(r) = -r**2 + 15*r - 3. Let h be -7*(16/(-20))/(10/25). What is l(h)?
11
Suppose 5*t = -4*a - 45, -8*t + 5*a = -4*t - 5. Let c(d) = d**2 + 3*d - 2. Calculate c(t).
8
Let f(b) = 13*b**3 - b**2 - 12*b - 30. Let y(i) = -7*i**3 + 7*i + 16. Let o(v) = 6*f(v) + 11*y(v). Give o(4).
-16
Let h be (-9450)/(-4620) + (-1)/22. Let r(n) = 16*n - 4. Calculate r(h).
28
Let a(l) = l + 8. Let m be a(-3). Let f(x) = 1 - 5*x**2 - m + 4. Calculate f(-1).
-5
Let m(b) = 7*b**3 + 21*b**2 - 14*b + 6. Let f(l) = -3*l**3 - 10*l**2 + 7*l - 3. Let j(x) = 9*f(x) + 4*m(x). Let o be 1 + 4*(-3)/(-3). Calculate j(o).
7
Let g(q) be the second derivative of 1/6*q**4 + 1/2*q**3 - 5*q - q**2 - 11. Let z(o) = -o**2 - 4*o + 2. Let p be z(-5). Determine g(p).
7
Let q(f) be the first derivative of 0*f**3 + 1/4*f**4 - 4*f - 28 + 0*f**2. Determine q(0).
-4
Let s(q) be the third derivative of q**5/60 - 13*q**4/24 + 13*q**3/6 + 126*q**2. Give s(12).
1
Let x(b) = -2*b - 14. Let y(q) = q**3 - 14*q**2 - 178*q + 44. Let v be y(22). What is x(v)?
-14
Let m(h) = -2*h**2 + 8*h - 7. Suppose 17 - 7 = 5*g. Suppose t = -3, -r + 0*t = t - g. Give m(r).
-17
Let q(m) = -3*m + 8. Let r be q(8). Let n = r + 21. Suppose 0 = g - 4*z - 10, -3*z - 7 - n = 0. Let b(f) = -f**2 - 8*f - 8. Determine b(g).
4
Let q(z) = -z**3 - 2*z**2 - 3*z - 3. Let a(p) = -p**2 - 5*p + 20. Let c be a(-7). Suppose -c = 2*i + i. Give q(i).
3
Let o(y) = 5*y**2 - 41*y - 1. Let g be o(8). Let s(h) = h**2 + 10*h - 7. Calculate s(g).
-16
Let d(m) = -14*m - 7. Let t(i) = 7*i + 3. Suppose -11*y - 45 = -6*y. Let c(v) = y*t(v) - 4*d(v). Determine c(-3).
22
Suppose 3 = -2*f - 7. Let l(u) be the third derivative of 0*u - 10*u**2 - 1/60*u**5 + 0 - 7/24*u**4 - 1/2*u**3. Calculate l(f).
7
Let x(h) = 2*h + 9. Let z be (-87)/(-2) + (-3)/(-6). Let i = -51 + z. What is x(i)?
-5
Let g(r) = -r - 3. Let m be g(-7). Suppose 14 + 40 = 9*w. Let p(v) = -w*v**2 + 3*v**2 + v**3 - 3*v - 26 + 31. Determine p(m).
9
Let s(j) = -j**2 - 22*j - 3. Let b(z) = -8*z - 1. Let x(h) = -11*b(h) + 4*s(h). Suppose -4 = -t - 3*t. Calculate x(t).
-5
Let s be -8 - 12/(-18)*18. Let g(y) be the second derivative of 0 + 9/20*y**5